
0
What is (2 - (-5 + 6)) + -4?
-3
Evaluate 2 - (-3 + (1 - -4)).
0
What is (4 + -4 + -1 - 0) + 4?
3
Calculate 4 + (0 + 0 + 2 - 4).
2
5 - (7 - ((7 - 10) + 12))
7
(5 + -19 - -7) + 3
-4
4 - 4 - (-2 + -3)
5
-14 + 11 + (-1 - 2)
-6
Calculate (-20 - -22) + -2 + (-1 - 1).
-2
What is the value of -5 + 2 - (-6 + 1 - 1)?
3
What is the value of 5 + 0 + -8 + -1?
-4
Evaluate (5 - 15 - -4) + 8.
2
What is (-11 - -6 - -4) + 1?
0
Evaluate 1 + 0 + 4 + -1.
4
What is the value of 6 - (-6 + 7 + -5 + 16)?
-6
Evaluate -2 + -1 - (5 + 3 + -9).
-2
0 - -2 - ((3 - -2) + -1)
-2
Calculate (1 - -1) + -2 - 2.
-2
10 - 7 - (-2 - -8)
-3
-8 - (-3 + 2 + -3)
-4
Evaluate 3 - (1 + 8 + -5 - -6).
-7
What is 2 + -2 - (3 + -2 + 0)?
-1
Evaluate (0 - (-1 - -7)) + (2 - -13).
9
4 + -4 - 6 - -1
-5
2 + 0 + -2 + 4 + 1
5
What is the value of 10 - (-10 - -9 - -2)?
9
-6 + (-7 - -13) + 1 + -5
-4
What is the value of 3 - (12 - 12 - (0 + 0))?
3
Calculate (5 - 5) + 2 + -1 - -1.
2
8 + (-1 - (-4 - -5))
6
Calculate (-100 - -108) + -1 + -11.
-4
7 + (-8 - 2) - 1
-4
What is the value of 4 + (0 - -1) + 0 + -2?
3
-1 - (16 - 11 - 2)
-4
Calculate 188 + -196 - (-7 - 1).
0
Evaluate (1 - 2) + 1 + -3 + 9.
6
What is the value of 0 - (-4 - -2) - -5 - 4?
3
Evaluate -1 + 12 - 5 - 4.
2
Evaluate (-5 - -2) + (-5 - 0).
-8
1 + -5 + 8 - -1
5
1 + (-2 - 1) - (-12 + 11)
-1
What is the value of -5 + (-5 + 7 - -4)?
1
(-7 - 0) + -20 + 27
0
Calculate -4 + -4 + 5 + 2.
-1
What is -59 + 60 - (0 + -1)?
2
Calculate (-1 - 1) + 5 + -1.
2
-5 + 25 + -23 + (0 - -4)
1
Calculate -9 - (0 + -4) - -2.
-3
What is -5 + 3 - 2 - (5 + -7)?
-2
Calculate 7 + -4 + 4 + -5.
2
Evaluate 4 - (12 + -10 - 4).
6
What is the value of -10 + -1 + -133 + 141?
-3
What is 3 - (2 + 2 - 0) - -3?
2
Calculate (-2 - 0) + 4 + -4 - -6.
4
Evaluate -3 - (-2 - 1) - 3.
-3
What is 2 - (-2 - (-6 + -7) - 2)?
-7
What is -19 - -12 - (-6 + 1)?
-2
Calculate 2 + (-7 - (-1 - 2)).
-2
Calculate -1 + (1 - 2) - (-17 - -12).
3
What is the value of 4 - (-1 - (-2 + 0))?
3
What is ((-3 - -5) + -6 - 0) + 9?
5
What is the value of -9 - -7 - (1 + -1 - -2)?
-4
What is -2 - (0 - 5 - -1)?
2
Calculate -2 - (8 - 8 - (3 + -1)).
0
What is 2 - -1 - 1 - (1 + 3)?
-2
Calculate 6 + (-6 - -6) + -10.
-4
What is -1 - -2 - (3 + 1 + 0)?
-3
Calculate -5 + (-3 - -5 - -2).
-1
Evaluate -13 + 20 - (0 + 2).
5
Calculate 8 - ((0 - -7) + -5).
6
What is (-9 - -7) + (2 - (2 - 2))?
0
Calculate -5 - 2 - -5 - 3.
-5
What is the value of 3 - (3 - -1) - -5?
4
What is -2 + 0 + 8 + (-31 - -28)?
3
What is the value of (-1 - 0) + 5 + (24 - 23)?
5
What is (-2 - (-4 - 3 - -3)) + -7?
-5
What is 1 - (4 + -1) - (-14 + 17)?
-5
Evaluate -1 - (-1 - 0) - (-113 - -111).
2
What is the value of -10 + 10 + 5 + (-3 - 1)?
1
What is the value of 17 - 9 - 7 - (6 + 2)?
-7
-7 + 10 - (-1 + (2 - 2))
4
What is -3 + 6 + -3 + 2 + -1?
1
Evaluate (-8 - -1 - -3) + 8 + 3.
7
Evaluate 5 + -9 + 2 + -2.
-4
-2 + 0 + -2 + -16 + 11
-9
Calculate 1 + -3 - (1 - 5 - -6).
-4
What is -2 + (1 - (5 + -4 + 2))?
-4
Evaluate 4 - (-3 + 4 + -5 - -4).
4
Evaluate 5 + -11 + 11 + (4 - 9).
0
(-1 - -3) + -5 + 4 - -2
3
Calculate -4 + 6 + 2 - 5.
-1
What is the value of -5 + 0 + -13 + 13?
-5
What is -1 + 1 + -7 + 3 + 1?
-3
What is 0 + 0 + -4 + 8 - -1?
5
What is 0 + 7 + (-16 - (2 + -15))?
4
What is -2 - (-6 - (1 + -5)) - 1?
-1
4 + -3 + 0 + (-4 - -3)
0
What is the value of -3 + -4 + (-2 - -6)?
-3
What is the value of 0 + 2 - (1 + 2)?
-1
Evaluate 1 + (-5 - 0 - -2) + 6.
4
What is the value of (17 - 8 - 0) + (0 - 3)?
6
What is 1 + -9 + 0 + 6?
-2
Evaluate 2 - (10 + -9) - -1.
2
(-1 - 4) + (-2 + 0 - 0)
-7
What is the value of -4 + (-8 - 1 - -17)?
4
What is (34 - 26 - (-3 + 9)) + 0?
2
(28 - 30) + -1 + 9
6
-1 - (-4 + 4) - 2
-3
What is 2 - -3 - (3 - 1 - -1)?
2
What is 1 + (12 - (-5 - -10))?
8
Calculate (7 - (-5 - -5)) + -1.
6
Calculate -10 + 15 + -13 + 2 + 4.
-2
What is the value of -2 + 5 + -5 - (-1 + -1)?
0
Calculate -1 - 0 - (-3 + 4).
-2
Calculate -1 - (-1 - (-2 + 4)).
2
(228 - 230) + 1 + (-2 - 0)
-3
Evaluate -3 + (5 - 0) + -4 + 1.
-1
(-3 - -3 - -4) + 2
6
Calculate (6 - (11 + -7)) + -4 + 1.
-1
Calculate (6 - 2) + -2 + -4 - 1.
-3
6 + 0 + -2 + -5 - -5
4
Calculate (7 - (19 + -1 + -5)) + 11.
5
-6 + (15 - (4 + 1)) - 8
-4
What is 7 - (-5 + 3 + 5 - 1)?
5
-4 + (1 - (0 - 4) - 0)
1
What is 5 + -1 + -2 + -4?
-2
What is (-5 - (0 + 0)) + (3 - -1)?
-1
What is the value of -1 + -2 + (6 - 4) + -6?
-7
Calculate (-132 - -130) + (-3 - 0 - -1).
-4
Calculate -3 + (0 - -10) + -5.
2
What is the value of -5 + (-2 - -1 - -5)?
-1
(7 - 11) + 8 - 7
-3
Evaluate (-1 - -8) + (-1 - (-13 + 12)).
7
3 + -5 - (-13 + 4 + 1)
6
1 - -1 - (1 - -1)
0
What is the value of (6 - (7 - 8)) + -11?
-4
What is the value of 4 + (-9 - -4) + 0?
-1
5 - (12 + 0 + -3)
-4
Evaluate -3 - (0 + (3 - (-4 - -9))).
-1
What is -6 - (-8 + 1 + 2)?
-1
Calculate (0 - 0 - -4) + -1.
3
Calculate 7 - (-2 - ((-4 - 2) + 1)).
4
0 - -1 - (-13 - (-24 + 9))
-1
What is 10 + (-4 - -4) + -9?
1
Calculate 0 + 1 - (1 + -3 - 1).
4
(-17 - -5) + 3 - -6
-3
Evaluate (3 - 1) + (-1 - 4).
-3
Evaluate (7 - 2 - -2) + (-34 - -33).
6
What is the value of 2 + (-1 - (3 + 0))?
-2
6 - (-1 - -4 - -2 - 3)
4
What is -6 + 9 + 6 + 8 + -7?
10
-5 - (-24 + 14 + -5)
10
Evaluate 1 + -7 + 7 + -6.
-5
(-37 - -54) + 0 + -12
5
What is the value of 0 + (-5 - -6) + 4 + -1?
4
Evaluate -1 + (-2 + -5 - -4 - -4).
0
Evaluate 1 + 0 + -3 + -1 + -1.
-4
1 - (4 + (3 - (8 - 1)))
1
Evaluate -6 + (-5 - -10) + -1 + 0.
-2
(35 - 33) + (-1 - (0 + 1))
0
Calculate 9 + -14 + 8 + -11.
-8
What is the value of 3 + -3 - (3 - 2)?
-1
1 + 4 - (-5 - (1 - 7))
4
-1 - 2 - ((21 - 23) + 2)
-3
Calculate (0 - 5) + 10 + 2 + -2.
5
Calculate 14 + -4 + (2 - 3) + -4.
5
Evaluate (7 - -5) + -6 + -9.
-3
(-4 - (0 + -2)) + (35 - 37)
-4
Calculate (-32 - -27) + 10 + -2.
3
Calculate 2 - (2 + (-4 - -2 - 3)).
5
-10 - (0 + -2 - 5)
-3
What is the value of -13 - (-4 - (-7 + 11))?
-5
What is (-1 + -4 - -8) + -10?
-7
What is the value of -2 - (-5 - (3 - 7))?
-1
What is the value of 8 - (1 - (3 + 1) - -4)?
7
What is -4 + -3 - (-1 + -1)?
-5
-23 + 25 + (4 - 1 - 4)
1
What is the value of -2 + (6 - -8 - 8)?
4
What is the value of -3 + 6 + -6 - 8?
-11
Evaluate (-1 + (3 - 3) - 2) + 1.
-2
Evaluate (-13 - (5 + -7)) + 5.
-6
What is -4 + 2 + -1 + 0 - -4?
1
Calculate -1 + 3 + -7 + 4 + 2.
1
What is the value of 8 - (19 - 9 - 4)?
2
Evaluate 8 - 5 - (10 - (1 + 1)).
-5
63 + -59 - (8 - 1)
-3
Evaluate 9 + -2 + (-25 - -16).
-2
Calculate -8 + 12 + -1 + -10.
-7
Evaluate (7 - (-9 - -9)) + -9.
-2
-2 - (6 + (-3 - 6))
1
-4 + (5 - 1) + 0
0
13 + (-9 - -5) - (3 + 2)
4
Calculate (1 - -2) + (0 - (-4 - -5)).
2
(0 - -1 - -5) + 135 + -137
4
What is the value of (10 - 1) + -3 + -9?
-3
(6 - -3) + -1 + (3 - 6)
5
Calculate 0 - 5 - -18 - 7.
6
What is 0 + (-22 - -9) + 6?
-7
(-4 - 6 - -1) + 1 + 10
2
What is 2 + -6 + -4 + 13?
5
What is 2 + -1 - (0 - -4)?
-3
Evaluate (13 - 3) + -3 + -1.
6
What is the value of 1 + 1 + -9 + 14?
7
What is 2 + (-3 - (6 + -4)) + 5?
2
What is (7 - 1 - (-2 + 2)) + -10?
-4
What is the value of 2 + -2 - (-1 - -4 - -3)?
-6
What is 6 + (-6 - 5) + 7?
2
What is the value of -3 + 2 + 1 + -4?
-4
-9 - (-8 - (-8 - -2))
-7
What is the value of (5 - -3) + (0 - 3)?
5
Evaluate -2 - -3 - (8 + -6) - -2.
1
What is the value of 6 + (-6 - 0) + -19 + 20?
1
What is -8 + 4 + 4 - (-1 - 4)?
5
2 + -5 - (-6 - -3)
0
What is the value of -4 + 13 + -6 + 3 + -2?
4
What is the value of (-2 - 3) + (1 - -4) - 2?
-2
(63 - 65) + -2 + (2 - 1)
-3
(0 - 1 - (-4 + 0)) + -2
1
Calculate 6 - -5 - 5 - 5.
1
What is 0 - (3 - (-3 + 4))?
-2
-1 + -3 + -1 + (-12 - -14)
-3
Calculate 0 - -3 - (-136 + 139).
0
What is the value of (0 - 1) + -6 + 14 + -13?
-6
10 + -6 - 10 - -5
-1
Calculate (1 - 5 - -6 - -2) + -5.
-1
Calculate -8 + (-3 - (7 - 11)) + 14.
7
What is the value of 9 - (-8 - -7 - -17)?
-7
What is the value of 4 + (-1 - 0 - 4)?
-1
(9 - 3 - 2) + -3
1
Calculate 2 - 0 - ((3 - -5) + -2).
-4
What is the value of 7 + 0 + (5 - 10 - -1)?
3
8 + -6 + -2 - (1 + -2)
1
Calculate -11 + 5 - (-2 + -7).
3
What is the value of 4 - 6 - (-10 - -15) - -9?
2
-5 - ((-6 - (3 + -7)) + -7)
4
What is the value of -1 + -4 - (-2 + 0)?
-3
Evaluate -27 - -27 - (-1 + 5).
-4
What is -2 - (-14 + 4 + 11)?
-3
Calculate -7 - (4 + 11 + -30).
8
What is (2 - 1) + (3 - (7 - 1))?
-2
-3 + (9 - (-5 + 8))
3
0 + (-3 + -1 - 0)
-4
What is 12 + 8 + -5 + -6?
9
Evaluate -49